{"id":4570,"date":"2016-02-08T17:29:29","date_gmt":"2016-02-08T17:29:29","guid":{"rendered":"http:\/\/www.sv-bad-bevensen.de\/wp\/?page_id=4570"},"modified":"2016-02-09T17:08:02","modified_gmt":"2016-02-09T17:08:02","slug":"mms-20042005-kreisliga-ost-runde-6","status":"publish","type":"page","link":"https:\/\/www.sv-bad-bevensen.de\/?page_id=4570","title":{"rendered":"MMS 2004\/2005 Kreisliga Ost Runde 6"},"content":{"rendered":"<pre style=\"font-size: small;\"><b>TSV Bienenb\u00fcttel         3 - 5  SV Bad Bevensen<\/b>\r\n 2 L\u00fcbbers, R.   (1648)  \u00bd - \u00bd  Kozik, A.    (1802)  2\r\n 3 Vick          (1482)  0 - 1  H\u00e4nel        (1608)  3\r\n 4 Piepenburg    (1612)  1 - 0  Hallensleben (1537)  4\r\n 7 P\u00e4per, C.     (1292)  0 - 1  Harms        (1472)  5\r\n 8 Sch\u00fctz        (1281)  0 - 1  Milnikel     (1366)  6\r\n 9 P\u00e4per, P.     (1336)  \u00bd - \u00bd  Krause       (1194)  7\r\n11 Holzenk\u00e4mpfer (1364)  \u00bd - \u00bd  Nolte        (1045) 10\r\n14 Dittmer, O.   (1224)  \u00bd - \u00bd  Beyer        (1005) 11\r\n<\/pre>\n<p>&nbsp;<\/p>\n<p><a href=\"https:\/\/www.sv-bad-bevensen.de\/?page_id=4546\">Mannschaftsergebnisse\/Tabelle<\/a>, <a href=\"https:\/\/www.sv-bad-bevensen.de\/?page_id=580\">Archiv<\/a><\/p>\n","protected":false},"excerpt":{"rendered":"<p>TSV Bienenb\u00fcttel 3 &#8211; 5 SV Bad Bevensen 2 L\u00fcbbers, R. (1648) \u00bd &#8211; \u00bd Kozik, A. (1802) 2 3 Vick (1482) 0 &#8211; 1 H\u00e4nel (1608) 3 4 Piepenburg (1612) 1 &#8211; 0 Hallensleben (1537) 4 7 P\u00e4per, C. (1292) 0 &#8211; 1 Harms (1472) 5 8 Sch\u00fctz (1281) 0 &#8211; 1 Milnikel (1366) &hellip; <a href=\"https:\/\/www.sv-bad-bevensen.de\/?page_id=4570\" class=\"more-link\"><span class=\"screen-reader-text\">MMS 2004\/2005 Kreisliga Ost Runde 6<\/span> weiterlesen<\/a><\/p>\n","protected":false},"author":1,"featured_media":0,"parent":4546,"menu_order":6,"comment_status":"closed","ping_status":"closed","template":"","meta":{"ngg_post_thumbnail":0,"footnotes":""},"class_list":["post-4570","page","type-page","status-publish","hentry"],"_links":{"self":[{"href":"https:\/\/www.sv-bad-bevensen.de\/index.php?rest_route=\/wp\/v2\/pages\/4570","targetHints":{"allow":["GET"]}}],"collection":[{"href":"https:\/\/www.sv-bad-bevensen.de\/index.php?rest_route=\/wp\/v2\/pages"}],"about":[{"href":"https:\/\/www.sv-bad-bevensen.de\/index.php?rest_route=\/wp\/v2\/types\/page"}],"author":[{"embeddable":true,"href":"https:\/\/www.sv-bad-bevensen.de\/index.php?rest_route=\/wp\/v2\/users\/1"}],"replies":[{"embeddable":true,"href":"https:\/\/www.sv-bad-bevensen.de\/index.php?rest_route=%2Fwp%2Fv2%2Fcomments&post=4570"}],"version-history":[{"count":0,"href":"https:\/\/www.sv-bad-bevensen.de\/index.php?rest_route=\/wp\/v2\/pages\/4570\/revisions"}],"up":[{"embeddable":true,"href":"https:\/\/www.sv-bad-bevensen.de\/index.php?rest_route=\/wp\/v2\/pages\/4546"}],"wp:attachment":[{"href":"https:\/\/www.sv-bad-bevensen.de\/index.php?rest_route=%2Fwp%2Fv2%2Fmedia&parent=4570"}],"curies":[{"name":"wp","href":"https:\/\/api.w.org\/{rel}","templated":true}]}}