{"id":4551,"date":"2016-02-08T17:21:51","date_gmt":"2016-02-08T17:21:51","guid":{"rendered":"http:\/\/www.sv-bad-bevensen.de\/wp\/?page_id=4551"},"modified":"2016-02-09T17:09:14","modified_gmt":"2016-02-09T17:09:14","slug":"mms-20042005-kreisliga-ost-runde-1","status":"publish","type":"page","link":"https:\/\/www.sv-bad-bevensen.de\/?page_id=4551","title":{"rendered":"MMS 2004\/2005 Kreisliga Ost Runde 1"},"content":{"rendered":"<pre style=\"font-size: small;\"><b>Caissa Schwarmstedt II     4\u00bd - 3\u00bd SV Bad Bevensen<\/b>\r\n 2 Wieggers, Karl    (1577) + - - Ludwig, Dr. Timm          1\r\n 3 Fr\u00f6msdorf, Volker (1517) 1 - 0 Kozik, Andreas    (1802)  2\r\n 4 Will, Thomas      (1480) 0 - 1 H\u00e4nel, Florian    (1608)  3\r\n 5 Drewes, G\u00fcnther   (1415) 1 - 0 Harms, Friedjof   (1472)  5\r\n 6 Wagner, Manfred   (1413) 0 - 1 Milnikel, Eugen   (1366)  6\r\n 7 Kawentel, Knut    (1348) 1 - 0 Krause, Holger    (1194)  7\r\n10 Wiechers, Kai     (1202) \u00bd - \u00bd Lembrecht, Harald (1230)  9\r\n11 B\u00f6hm, Hans-J\u00fcrgen        0 - 1 Beyer, Ruben      (1005) 11\r\n<\/pre>\n<p>&nbsp;<\/p>\n<p><a href=\"https:\/\/www.sv-bad-bevensen.de\/?page_id=4546\">Mannschaftsergebnisse\/Tabelle<\/a>, <a href=\"https:\/\/www.sv-bad-bevensen.de\/?page_id=580\">Archiv<\/a><\/p>\n","protected":false},"excerpt":{"rendered":"<p>Caissa Schwarmstedt II 4\u00bd &#8211; 3\u00bd SV Bad Bevensen 2 Wieggers, Karl (1577) + &#8211; &#8211; Ludwig, Dr. Timm 1 3 Fr\u00f6msdorf, Volker (1517) 1 &#8211; 0 Kozik, Andreas (1802) 2 4 Will, Thomas (1480) 0 &#8211; 1 H\u00e4nel, Florian (1608) 3 5 Drewes, G\u00fcnther (1415) 1 &#8211; 0 Harms, Friedjof (1472) 5 6 Wagner, &hellip; <a href=\"https:\/\/www.sv-bad-bevensen.de\/?page_id=4551\" class=\"more-link\"><span class=\"screen-reader-text\">MMS 2004\/2005 Kreisliga Ost Runde 1<\/span> weiterlesen<\/a><\/p>\n","protected":false},"author":1,"featured_media":0,"parent":4546,"menu_order":1,"comment_status":"closed","ping_status":"closed","template":"","meta":{"ngg_post_thumbnail":0,"footnotes":""},"class_list":["post-4551","page","type-page","status-publish","hentry"],"_links":{"self":[{"href":"https:\/\/www.sv-bad-bevensen.de\/index.php?rest_route=\/wp\/v2\/pages\/4551","targetHints":{"allow":["GET"]}}],"collection":[{"href":"https:\/\/www.sv-bad-bevensen.de\/index.php?rest_route=\/wp\/v2\/pages"}],"about":[{"href":"https:\/\/www.sv-bad-bevensen.de\/index.php?rest_route=\/wp\/v2\/types\/page"}],"author":[{"embeddable":true,"href":"https:\/\/www.sv-bad-bevensen.de\/index.php?rest_route=\/wp\/v2\/users\/1"}],"replies":[{"embeddable":true,"href":"https:\/\/www.sv-bad-bevensen.de\/index.php?rest_route=%2Fwp%2Fv2%2Fcomments&post=4551"}],"version-history":[{"count":0,"href":"https:\/\/www.sv-bad-bevensen.de\/index.php?rest_route=\/wp\/v2\/pages\/4551\/revisions"}],"up":[{"embeddable":true,"href":"https:\/\/www.sv-bad-bevensen.de\/index.php?rest_route=\/wp\/v2\/pages\/4546"}],"wp:attachment":[{"href":"https:\/\/www.sv-bad-bevensen.de\/index.php?rest_route=%2Fwp%2Fv2%2Fmedia&parent=4551"}],"curies":[{"name":"wp","href":"https:\/\/api.w.org\/{rel}","templated":true}]}}