{"id":2194,"date":"2011-11-06T07:22:19","date_gmt":"2011-11-06T07:22:19","guid":{"rendered":"http:\/\/www.sv-bad-bevensen.de\/wp\/?page_id=2194"},"modified":"2016-01-24T08:59:09","modified_gmt":"2016-01-24T08:59:09","slug":"vereinsmeisterschaft","status":"publish","type":"page","link":"https:\/\/www.sv-bad-bevensen.de\/?page_id=2194","title":{"rendered":"Vereinsmeisterschaft 2011"},"content":{"rendered":"<p>Rangliste: Stand nach der 7. Runde<\/p>\n<table class=\"tournament\">\n<tbody>\n<tr>\n<th>Rang<\/th>\n<th align=\"left\">Teilnehmer<\/th>\n<th style=\"text-align: center;\">DWZ<\/th>\n<th style=\"text-align: center;\">Attr.<\/th>\n<th style=\"text-align: center;\">Punkte<\/th>\n<th style=\"text-align: center;\">Buch.<\/th>\n<th style=\"text-align: center;\">SoBerg<\/th>\n<\/tr>\n<tr>\n<td style=\"text-align: right;\" align=\"right\">1.<\/td>\n<td>Harms, Friedjof<\/td>\n<td style=\"text-align: center;\" align=\"right\">1731<\/td>\n<td style=\"text-align: center;\"><\/td>\n<td style=\"text-align: center;\" align=\"center\">6\u00bd<\/td>\n<td style=\"text-align: center;\" align=\"center\">26\u00bd<\/td>\n<td style=\"text-align: center;\" align=\"center\">25<\/td>\n<\/tr>\n<tr>\n<td style=\"text-align: right;\" align=\"right\">2.<\/td>\n<td>B\u00f6rner, Joachim<\/td>\n<td style=\"text-align: center;\" align=\"right\">1637<\/td>\n<td style=\"text-align: center;\"><\/td>\n<td style=\"text-align: center;\" align=\"center\">6<\/td>\n<td style=\"text-align: center;\" align=\"center\">25\u00bd<\/td>\n<td style=\"text-align: center;\" align=\"center\">19<\/td>\n<\/tr>\n<tr>\n<td style=\"text-align: right;\" align=\"right\">3.<\/td>\n<td>B\u00f6rner, Heinrich<\/td>\n<td style=\"text-align: center;\">1432<\/td>\n<td style=\"text-align: center;\" align=\"right\"><\/td>\n<td style=\"text-align: center;\" align=\"center\">5<\/td>\n<td style=\"text-align: center;\" align=\"center\">27<\/td>\n<td style=\"text-align: center;\" align=\"center\">14\u00bd<\/td>\n<\/tr>\n<tr>\n<td style=\"text-align: right;\" align=\"right\">4.<\/td>\n<td>Hallensleben, Gerhard<\/td>\n<td style=\"text-align: center;\" align=\"right\">1592<\/td>\n<td style=\"text-align: center;\"><\/td>\n<td style=\"text-align: center;\" align=\"center\">4<\/td>\n<td style=\"text-align: center;\" align=\"center\">25\u00bd<\/td>\n<td style=\"text-align: center;\" align=\"center\">11\u00bc<\/td>\n<\/tr>\n<tr>\n<td style=\"text-align: right;\" align=\"right\">5.<\/td>\n<td>Krause, Holger<\/td>\n<td style=\"text-align: center;\" align=\"right\">1259<\/td>\n<td style=\"text-align: center;\"><\/td>\n<td style=\"text-align: center;\" align=\"center\">4<\/td>\n<td style=\"text-align: center;\" align=\"center\">25<\/td>\n<td style=\"text-align: center;\" align=\"center\">7\u00be<\/td>\n<\/tr>\n<tr>\n<td style=\"text-align: right;\" align=\"right\">6.<\/td>\n<td>Ludwig, Dr. Timm<\/td>\n<td style=\"text-align: center;\" align=\"right\">1404<\/td>\n<td style=\"text-align: center;\"><\/td>\n<td style=\"text-align: center;\" align=\"center\">4<\/td>\n<td style=\"text-align: center;\" align=\"center\">25<\/td>\n<td style=\"text-align: center;\" align=\"center\">7\u00bc<\/td>\n<\/tr>\n<tr>\n<td style=\"text-align: right;\" align=\"right\">7.<\/td>\n<td>Weichsel, Philip<\/td>\n<td style=\"text-align: center;\" align=\"right\">1087<\/td>\n<td style=\"text-align: center;\" align=\"center\">J<\/td>\n<td style=\"text-align: center;\" align=\"center\">3\u00bd<\/td>\n<td style=\"text-align: center;\" align=\"center\">24<\/td>\n<td style=\"text-align: center;\" align=\"center\">7\u00bc<\/td>\n<\/tr>\n<tr>\n<td style=\"text-align: right;\" align=\"right\">8.<\/td>\n<td>Hayessen, Hinrich<\/td>\n<td style=\"text-align: center;\" align=\"right\">1322<\/td>\n<td style=\"text-align: center;\"><\/td>\n<td style=\"text-align: center;\" align=\"center\">3<\/td>\n<td style=\"text-align: center;\" align=\"center\">26<\/td>\n<td style=\"text-align: center;\" align=\"center\">4\u00be<\/td>\n<\/tr>\n<tr>\n<td style=\"text-align: right;\" align=\"right\">9.<\/td>\n<td>Kozik, Klaus<\/td>\n<td style=\"text-align: center;\" align=\"right\">990<\/td>\n<td style=\"text-align: center;\"><\/td>\n<td style=\"text-align: center;\" align=\"center\">3<\/td>\n<td style=\"text-align: center;\" align=\"center\">23\u00bd<\/td>\n<td style=\"text-align: center;\" align=\"center\">3\u00be<\/td>\n<\/tr>\n<tr>\n<td style=\"text-align: right;\" align=\"right\">10.<\/td>\n<td>Thei\u00df Felix<\/td>\n<td style=\"text-align: center;\" align=\"right\">976<\/td>\n<td style=\"text-align: center;\" align=\"center\">J<\/td>\n<td style=\"text-align: center;\" align=\"center\">2<\/td>\n<td style=\"text-align: center;\" align=\"center\">22<\/td>\n<td style=\"text-align: center;\" align=\"center\">2\u00bc<\/td>\n<\/tr>\n<tr>\n<td style=\"text-align: right;\" align=\"right\">11.<\/td>\n<td>Herbst, Georg<\/td>\n<td style=\"text-align: center;\" align=\"right\">1144<\/td>\n<td style=\"text-align: center;\"><\/td>\n<td style=\"text-align: center;\" align=\"center\">1<\/td>\n<td style=\"text-align: center;\" align=\"center\">23\u00bd<\/td>\n<td style=\"text-align: center;\" align=\"center\">1\u00be<\/td>\n<\/tr>\n<tr>\n<td style=\"text-align: right;\" align=\"right\">12.<\/td>\n<td>Lahmann, Wolfgang<\/td>\n<td style=\"text-align: center;\" align=\"right\">870<\/td>\n<td style=\"text-align: center;\" align=\"center\">*<\/td>\n<td style=\"text-align: center;\" align=\"center\">0<\/td>\n<td style=\"text-align: center;\" align=\"center\">6\u00bd<\/td>\n<td style=\"text-align: center;\" align=\"center\">1\u00be<\/td>\n<\/tr>\n<\/tbody>\n<\/table>\n<p>&nbsp;<\/p>\n<p>Paarungen<\/p>\n<table class=\"tournament\">\n<tbody>\n<tr>\n<th colspan=\"2\" align=\"left\"><a name=\"runde1\"><\/a>Runde 1<\/th>\n<td style=\"text-align: right;\" colspan=\"2\" align=\"right\">10. &#8211; 24. Juni<\/td>\n<\/tr>\n<tr>\n<td>Harms<\/td>\n<td>&#8211;<\/td>\n<td>Krause<\/td>\n<td style=\"text-align: center;\">1 : 0<\/td>\n<\/tr>\n<tr>\n<td>Herbst<\/td>\n<td>&#8211;<\/td>\n<td>B\u00f6rner, J.<\/td>\n<td style=\"text-align: center;\">0 : 1<\/td>\n<\/tr>\n<tr>\n<td>Hallensleben<\/td>\n<td>&#8211;<\/td>\n<td>Weichsel<\/td>\n<td style=\"text-align: center;\">1 : 0<\/td>\n<\/tr>\n<tr>\n<td>Kozik<\/td>\n<td>&#8211;<\/td>\n<td>B\u00f6rner, H.<\/td>\n<td style=\"text-align: center;\">0 : 1<\/td>\n<\/tr>\n<tr>\n<td>Ludwig<\/td>\n<td>&#8211;<\/td>\n<td>Thei\u00df<\/td>\n<td style=\"text-align: center;\">1 : 0<\/td>\n<\/tr>\n<tr>\n<td>Lahmann<\/td>\n<td>&#8211;<\/td>\n<td>Hayessen<\/td>\n<td style=\"text-align: center;\">0 : 1<\/td>\n<\/tr>\n<tr>\n<td colspan=\"4\" align=\"left\"><\/td>\n<\/tr>\n<tr>\n<th colspan=\"2\" align=\"left\"><a name=\"runde2\"><\/a>Runde 2<\/th>\n<td style=\"text-align: right;\" colspan=\"2\" align=\"right\">1. &#8211; 15. Juli<\/td>\n<\/tr>\n<tr>\n<td>B\u00f6rner, H. (1)<\/td>\n<td>&#8211;<\/td>\n<td>Harms (1)<\/td>\n<td style=\"text-align: center;\">0 : 1<\/td>\n<\/tr>\n<tr>\n<td>B\u00f6rner, J. (1)<\/td>\n<td>&#8211;<\/td>\n<td>Ludwig (1)<\/td>\n<td style=\"text-align: center;\">1 : 0<\/td>\n<\/tr>\n<tr>\n<td>Hayessen (1)<\/td>\n<td>&#8211;<\/td>\n<td>Hallensleben (1)<\/td>\n<td style=\"text-align: center;\">\u00bd : \u00bd<\/td>\n<\/tr>\n<tr>\n<td>Krause (0)<\/td>\n<td>&#8211;<\/td>\n<td>Kozik (0)<\/td>\n<td style=\"text-align: center;\">1 : 0<\/td>\n<\/tr>\n<tr>\n<td>Thei\u00df (0)<\/td>\n<td>&#8211;<\/td>\n<td>Herbst (0)<\/td>\n<td style=\"text-align: center;\">1 : 0<\/td>\n<\/tr>\n<tr>\n<td>Weichsel (0)<\/td>\n<td>&#8211;<\/td>\n<td>Lahmann (0)<\/td>\n<td style=\"text-align: center;\">+ : &#8211;<\/td>\n<\/tr>\n<tr>\n<td colspan=\"4\" align=\"left\"><\/td>\n<\/tr>\n<tr>\n<th colspan=\"2\" align=\"left\"><a name=\"runde3\"><\/a>Runde 3<\/th>\n<td style=\"text-align: right;\" colspan=\"2\" align=\"right\">22. Juli &#8211; 5. August<\/td>\n<\/tr>\n<tr>\n<td>Harms (2)<\/td>\n<td>&#8211;<\/td>\n<td>B\u00f6rner, J. (2)<\/td>\n<td style=\"text-align: center;\">1 : 0<\/td>\n<\/tr>\n<tr>\n<td>Hallensleben (1\u00bd)<\/td>\n<td>&#8211;<\/td>\n<td>B\u00f6rner, H. (1)<\/td>\n<td style=\"text-align: center;\">0 : 1<\/td>\n<\/tr>\n<tr>\n<td>Ludwig (1)<\/td>\n<td>&#8211;<\/td>\n<td>Hayessen (1\u00bd)<\/td>\n<td style=\"text-align: center;\">\u00bd : \u00bd<\/td>\n<\/tr>\n<tr>\n<td>Weichsel (1)<\/td>\n<td>&#8211;<\/td>\n<td>Krause (1)<\/td>\n<td style=\"text-align: center;\">0 : 1<\/td>\n<\/tr>\n<tr>\n<td>Kozik (0)<\/td>\n<td>&#8211;<\/td>\n<td>Thei\u00df (1)<\/td>\n<td style=\"text-align: center;\">1 : 0<\/td>\n<\/tr>\n<tr>\n<td>Herbst (0)<\/td>\n<td>&#8211;<\/td>\n<td>spielfrei<\/td>\n<td style=\"text-align: center;\">+ : &#8211;<\/td>\n<\/tr>\n<tr>\n<td colspan=\"4\" align=\"left\"><\/td>\n<\/tr>\n<tr>\n<th colspan=\"2\" align=\"left\"><a name=\"runde4\"><\/a>Runde 4<\/th>\n<td style=\"text-align: right;\" colspan=\"2\" align=\"right\">12. &#8211; 26. August<\/td>\n<\/tr>\n<tr>\n<td>Hayessen (2)<\/td>\n<td>&#8211;<\/td>\n<td>Harms (3)<\/td>\n<td style=\"text-align: center;\">0 : 1<\/td>\n<\/tr>\n<tr>\n<td>B\u00f6rner, J. (2)<\/td>\n<td>&#8211;<\/td>\n<td>B\u00f6rner, H. (2)<\/td>\n<td style=\"text-align: center;\">1 : 0<\/td>\n<\/tr>\n<tr>\n<td>Krause (2)<\/td>\n<td>&#8211;<\/td>\n<td>Hallensleben (1\u00bd)<\/td>\n<td style=\"text-align: center;\">0 : 1<\/td>\n<\/tr>\n<tr>\n<td>Herbst (1)<\/td>\n<td>&#8211;<\/td>\n<td>Ludwig (1\u00bd)<\/td>\n<td style=\"text-align: center;\">0 : 1<\/td>\n<\/tr>\n<tr>\n<td>Thei\u00df (1)<\/td>\n<td>&#8211;<\/td>\n<td>Weichsel (1)<\/td>\n<td style=\"text-align: center;\">0 : 1<\/td>\n<\/tr>\n<tr>\n<td>spielfrei<\/td>\n<td>&#8211;<\/td>\n<td>Kozik (1)<\/td>\n<td style=\"text-align: center;\">&#8211; : +<\/td>\n<\/tr>\n<tr>\n<td colspan=\"4\" align=\"left\"><\/td>\n<\/tr>\n<tr>\n<th colspan=\"2\" align=\"left\"><a name=\"runde5\"><\/a>Runde 5<\/th>\n<td style=\"text-align: right;\" colspan=\"2\" align=\"right\">2. &#8211; 22. September<\/td>\n<\/tr>\n<tr>\n<td>Harms (4)<\/td>\n<td>&#8211;<\/td>\n<td>Ludwig (2\u00bd)<\/td>\n<td style=\"text-align: center;\">1 : 0<\/td>\n<\/tr>\n<tr>\n<td>Hallensleben (2\u00bd)<\/td>\n<td>&#8211;<\/td>\n<td>B\u00f6rner, J. (3)<\/td>\n<td style=\"text-align: center;\">0 : 1<\/td>\n<\/tr>\n<tr>\n<td>B\u00f6rner, H. (2)<\/td>\n<td>&#8211;<\/td>\n<td>Krause (2)<\/td>\n<td style=\"text-align: center;\">1 : 0<\/td>\n<\/tr>\n<tr>\n<td>Weichsel (2)<\/td>\n<td>&#8211;<\/td>\n<td>Kozik (2)<\/td>\n<td style=\"text-align: center;\">1 : 0<\/td>\n<\/tr>\n<tr>\n<td>Hayessen (2)<\/td>\n<td>&#8211;<\/td>\n<td>Herbst (1)<\/td>\n<td style=\"text-align: center;\">1 : 0<\/td>\n<\/tr>\n<tr>\n<td>spielfrei<\/td>\n<td>&#8211;<\/td>\n<td>Thei\u00df (1)<\/td>\n<td style=\"text-align: center;\">&#8211; : +<\/td>\n<\/tr>\n<tr>\n<td colspan=\"4\" align=\"left\"><\/td>\n<\/tr>\n<tr>\n<th colspan=\"2\" align=\"left\"><a name=\"runde6\"><\/a>Runde 6<\/th>\n<td style=\"text-align: right;\" colspan=\"2\" align=\"right\">23. September &#8211; 6. Oktober<\/td>\n<\/tr>\n<tr>\n<td>Weichsel (3)<\/td>\n<td>&#8211;<\/td>\n<td>Harms (5)<\/td>\n<td style=\"text-align: center;\">\u00bd : \u00bd<\/td>\n<\/tr>\n<tr>\n<td>B\u00f6rner, J. (4)<\/td>\n<td>&#8211;<\/td>\n<td>Hayessen (3)<\/td>\n<td style=\"text-align: center;\">1 : 0<\/td>\n<\/tr>\n<tr>\n<td>B\u00f6rner, H. (3)<\/td>\n<td>&#8211;<\/td>\n<td>Thei\u00df (2)<\/td>\n<td style=\"text-align: center;\">1 : 0<\/td>\n<\/tr>\n<tr>\n<td>Ludwig (2\u00bd)<\/td>\n<td>&#8211;<\/td>\n<td>Hallensleben (2\u00bd)<\/td>\n<td style=\"text-align: center;\">\u00bd : \u00bd<\/td>\n<\/tr>\n<tr>\n<td>Kozik (2)<\/td>\n<td>&#8211;<\/td>\n<td>Herbst (1)<\/td>\n<td style=\"text-align: center;\">1 : 0<\/td>\n<\/tr>\n<tr>\n<td>Krause (2)<\/td>\n<td>&#8211;<\/td>\n<td>spielfrei<\/td>\n<td style=\"text-align: center;\">+ : &#8211;<\/td>\n<\/tr>\n<tr>\n<td colspan=\"4\" align=\"left\"><\/td>\n<\/tr>\n<tr>\n<th colspan=\"2\" align=\"left\"><a name=\"runde7\"><\/a>Runde 7<\/th>\n<td style=\"text-align: right;\" colspan=\"2\" align=\"right\">7. &#8211; 28. Oktober<\/td>\n<\/tr>\n<tr>\n<td>Harms (5\u00bd)<\/td>\n<td>&#8211;<\/td>\n<td>Kozik (3)<\/td>\n<td style=\"text-align: center;\">1 : 0<\/td>\n<\/tr>\n<tr>\n<td>B\u00f6rner, J. (5)<\/td>\n<td>&#8211;<\/td>\n<td>Weichsel (3\u00bd)<\/td>\n<td style=\"text-align: center;\">1 : 0<\/td>\n<\/tr>\n<tr>\n<td>Hayessen (3)<\/td>\n<td>&#8211;<\/td>\n<td>B\u00f6rner, H. (4)<\/td>\n<td style=\"text-align: center;\">0 : 1<\/td>\n<\/tr>\n<tr>\n<td>Thei\u00df (2)<\/td>\n<td>&#8211;<\/td>\n<td>Hallensleben (3)<\/td>\n<td style=\"text-align: center;\">0 : 1<\/td>\n<\/tr>\n<tr>\n<td>Herbst (1)<\/td>\n<td>&#8211;<\/td>\n<td>Krause (3)<\/td>\n<td style=\"text-align: center;\">0 : 1<\/td>\n<\/tr>\n<tr>\n<td>spielfrei<\/td>\n<td>&#8211;<\/td>\n<td>Ludwig (3)<\/td>\n<td style=\"text-align: center;\">&#8211; : +<\/td>\n<\/tr>\n<\/tbody>\n<\/table>\n<p>&nbsp;<\/p>\n<p>Aussschreibung<\/p>\n<ul style=\"font-size: small;\">\n<li>7 Runden nach Schweizer System<\/li>\n<li>90 Minuten Bedenkzeit pro Spieler und Partie<\/li>\n<li>Notationspflicht (bis 5 Minuten vor Ende seiner eigenen Bedenkzeit)<\/li>\n<li>DWZ-Auswertung<\/li>\n<li>pro Runde 3 Wochen Zeit<\/li>\n<li>Wenn m\u00f6glich, dann soll die Partie am ersten angesetzten Freitag gespielt werden.<\/li>\n<li>VMS-Partien finden im hinteren Raum statt.<\/li>\n<li>Man darf sich auch unter der Woche zum Spielen verabreden.<\/li>\n<li>Nach Rundenansetzung nimmt man Kontakt zu seinem Spielpartner auf und verabredet einen Termin.<\/li>\n<li>Der Gewinner meldet das Ergebnis (bei einem Remis beide Spieler!).<\/li>\n<li>Eine Telefonliste liegt im Sporthotel aus und wurde zudem jeden Teilnehmer geschickt.<\/li>\n<li>Empfehlung: Startet die Partien gegen 19 Uhr. Dann ist das Jugendtraining vorbei und der Ger\u00e4uschpegel sinkt. Fangt nicht zu sp\u00e4t an, der Gastwirt will auch Feierabend machen.<\/li>\n<li>Gespielt wird nach den FIDE-Schachregeln.<\/li>\n<li>Zwischenst\u00e4nde, Auslosungen etc. sind auch auf unserer Homepage www.sv-bad-bevensen.de einzusehen.<\/li>\n<li>Es empfiehlt sich, die Partien im nachhinein nachzuspielen und zu analysieren.<\/li>\n<li>Bitte unterlasst das Anbieten fr\u00fchzeitiger Remis. Die VMS dient v.a. unserer Spielpraxis. Ein Remis l\u00e4sst meist offene<br \/>\nFragen auf dem Brett zur\u00fcck&#8230; was w\u00e4re wenn&#8230; spielt es doch einfach bis zum Schluss aus, dann er\u00fcbrigt sich die Frage.<\/li>\n<li>Spielplan (Beginn der Runden):\n<p>1. Runde: 10.06.2011<br \/>\n2. Runde: 01.07.2011<br \/>\n3. Runde: 22.07.2011<br \/>\n4. Runde: 12.08.2011<br \/>\n5. Runde: 02.09.2011<br \/>\n6. Runde: 23.09.2011<br \/>\n7. Runde: 14.10.2011<br \/>\nEnde der 7. Runde am 28.10.2011<\/li>\n<\/ul>\n","protected":false},"excerpt":{"rendered":"<p>Rangliste: Stand nach der 7. Runde Rang Teilnehmer DWZ Attr. Punkte Buch. SoBerg 1. Harms, Friedjof 1731 6\u00bd 26\u00bd 25 2. B\u00f6rner, Joachim 1637 6 25\u00bd 19 3. B\u00f6rner, Heinrich 1432 5 27 14\u00bd 4. Hallensleben, Gerhard 1592 4 25\u00bd 11\u00bc 5. Krause, Holger 1259 4 25 7\u00be 6. Ludwig, Dr. Timm 1404 4 25 &hellip; <a href=\"https:\/\/www.sv-bad-bevensen.de\/?page_id=2194\" class=\"more-link\"><span class=\"screen-reader-text\">Vereinsmeisterschaft 2011<\/span> weiterlesen<\/a><\/p>\n","protected":false},"author":1,"featured_media":0,"parent":2192,"menu_order":1,"comment_status":"closed","ping_status":"closed","template":"","meta":{"ngg_post_thumbnail":0,"footnotes":""},"class_list":["post-2194","page","type-page","status-publish","hentry"],"_links":{"self":[{"href":"https:\/\/www.sv-bad-bevensen.de\/index.php?rest_route=\/wp\/v2\/pages\/2194","targetHints":{"allow":["GET"]}}],"collection":[{"href":"https:\/\/www.sv-bad-bevensen.de\/index.php?rest_route=\/wp\/v2\/pages"}],"about":[{"href":"https:\/\/www.sv-bad-bevensen.de\/index.php?rest_route=\/wp\/v2\/types\/page"}],"author":[{"embeddable":true,"href":"https:\/\/www.sv-bad-bevensen.de\/index.php?rest_route=\/wp\/v2\/users\/1"}],"replies":[{"embeddable":true,"href":"https:\/\/www.sv-bad-bevensen.de\/index.php?rest_route=%2Fwp%2Fv2%2Fcomments&post=2194"}],"version-history":[{"count":0,"href":"https:\/\/www.sv-bad-bevensen.de\/index.php?rest_route=\/wp\/v2\/pages\/2194\/revisions"}],"up":[{"embeddable":true,"href":"https:\/\/www.sv-bad-bevensen.de\/index.php?rest_route=\/wp\/v2\/pages\/2192"}],"wp:attachment":[{"href":"https:\/\/www.sv-bad-bevensen.de\/index.php?rest_route=%2Fwp%2Fv2%2Fmedia&parent=2194"}],"curies":[{"name":"wp","href":"https:\/\/api.w.org\/{rel}","templated":true}]}}