{"id":19466,"date":"2024-04-03T15:31:15","date_gmt":"2024-04-03T14:31:15","guid":{"rendered":"https:\/\/www.sv-bad-bevensen.de\/?page_id=19466"},"modified":"2024-04-03T15:33:32","modified_gmt":"2024-04-03T14:33:32","slug":"vereinsmeisterschaft-2024","status":"publish","type":"page","link":"https:\/\/www.sv-bad-bevensen.de\/?page_id=19466","title":{"rendered":"Vereinsmeisterschaft 2024"},"content":{"rendered":"<p><strong>Ausschreibung<\/strong><\/p>\n<p>&#8211; 9 Runden nach Schweizer System<br \/>\n&#8211; 90 Minuten Bedenkzeit pro Spieler und Partie zzgl. 30 Sekunden pro Zug<br \/>\n&#8211; Notationspflicht bis zum Ende der Partie<br \/>\n&#8211; DWZ-Auswertung<br \/>\n&#8211; 3 Wochen Zeit pro Runde<br \/>\n&#8211; <strong>Anmeldeschluss: Fr. 24.05.2024<\/strong><br \/>\n&#8211; Je Runde gibt es einen Haupttermin (Achtung!!! &#8211; \u00c4nderungen im Spielplan sind jederzeit m\u00f6glich. Liegen z.B. alle Ergebnisse einer Runde fr\u00fchzeitig vor, so kann die Vorverlegung der n\u00e4chsten Runden bekannt gegeben werden.):<br \/>\n1. Runde: 31.05.2024<br \/>\n2. Runde: 21.06.2024<br \/>\n3. Runde: 12.07.2024<br \/>\n4. Runde: 02.08.2024<br \/>\n5. Runde: 23.08.2024<br \/>\n6. Runde: 13.09.2024<br \/>\n7. Runde: 04.10.2024<br \/>\n8. Runde: 25.10.2024<br \/>\n9. Runde: 15.11.2024<br \/>\nEnde der VMS sp\u00e4testens am 29.11.2024<br \/>\n&#8211; Spielbeginn i.d.R. zwischen 18.30 Uhr und 19:00 Uhr<br \/>\n&#8211; Nach M\u00f6glichkeit soll am Hauptspieltag gespielt werden.<br \/>\n&#8211; Das Turnier ist offen f\u00fcr alle Mitglieder des SV Bad Bevensen.<br \/>\n&#8211; Im Rahmen des Turniers werden der Vereinsmeister, der Jugend-Vereinsmeister (Jg. 2006 und j\u00fcnger) und der Senioren-Vereinsmeister (Jg. 1964 und \u00e4lter) ermittelt. Doppelte Preisvergabe m\u00f6glich.<br \/>\n&#8211; Die Teilnehmer verpflichten sich mit ihrer Turnieranmeldung, direkt nach jeder Rundenauslosung den jeweiligen Spielpartner zu kontaktieren und mit ihm einen Termin zu vereinbaren. Erfolgt die erste Kontaktaufnahme nicht innerhalb von 3 Tagen und kann die Partie in der Folge nicht stattfinden, so wird eine kampflose Partie i.d.R. kampflos verloren f\u00fcr beide Spieler gewertet.<br \/>\n&#8211; Mit der Anmeldung zur VMS bekundet jeder Teilnehmer seinen Willen, alle Partien stattfinden zu lassen. Damit kommt u.U. jeder Wochentag als Spieltermin infrage. Kampflose Paarungen sollen nach Kr\u00e4ften vermieden werden!<br \/>\n&#8211; Bis sp\u00e4testens 5 Tage vor Ansetzung der n\u00e4chsten Runde muss die Partie gespielt und das Ergebnis gemeldet sein. Alle Partieverlegungen sind dem Turnierleiter per E-Mail mitzuteilen.<br \/>\n&#8211; Beide Spieler melden dem Turnierleiter das Ergebnis innerhalb von 24 Stunden nach Ende der Partie.<br \/>\n&#8211; Es wird nach den FIDE-Schachregeln gespielt (Ausnahme Mobiltelefone: Regelung siehe <a href=\"http:\/\/www.schachbezirk4.de\/satzung\/bto.pdf\" target=\"_blank\" rel=\"noopener\">Bezirksturnierordnung 8.8<\/a>).<br \/>\n&#8211; Turnierleitung: Friedjof Harms<br \/>\nAllgemeine Hinweise:<br \/>\n&#8211; Zur Terminabsprache bekommt jeder Teilnehmer eine Telefonliste. Die Teilnehmer stimmen mit ihrer Anmeldung automatisch der Weitergabe ihrer Kontaktdaten (Telefon + E-Mail) im Rahmen des Turniers zu.<br \/>\n&#8211; Zwischenst\u00e4nde, Auslosungen etc. sind regelm\u00e4\u00dfig auf der Vereins-Homepage <a href=\"https:\/\/www.sv-bad-bevensen.de\">www.sv-bad-bevensen.de<\/a> einzusehen.<br \/>\n&#8211; VMS-Partien finden im hinteren Teil des Clubraumes statt, in dem man mehr Ruhe findet als im vorderen Teil.<br \/>\n&#8211; F\u00fcr den Lerneffekt empfiehlt sich eine gemeinsame Analyse im Anschluss der Partie.<br \/>\n&#8211; Das Anbieten fr\u00fchzeitiger Remis soll vermieden werden. Die VMS dient v.a. der Spielpraxis und der Spielst\u00e4rkesteigerung eines jeden Vereinsmitglieds.<\/p>\n<p><a href=\"https:\/\/www.sv-bad-bevensen.de\/wp-content\/uploads\/2024\/04\/Ausschreibung.pdf\">Ausschreibung im PDF-Format<\/a><\/p>\n","protected":false},"excerpt":{"rendered":"<p>Ausschreibung &#8211; 9 Runden nach Schweizer System &#8211; 90 Minuten Bedenkzeit pro Spieler und Partie zzgl. 30 Sekunden pro Zug &#8211; Notationspflicht bis zum Ende der Partie &#8211; DWZ-Auswertung &#8211; 3 Wochen Zeit pro Runde &#8211; Anmeldeschluss: Fr. 24.05.2024 &#8211; Je Runde gibt es einen Haupttermin (Achtung!!! &#8211; \u00c4nderungen im Spielplan sind jederzeit m\u00f6glich. Liegen &hellip; <a href=\"https:\/\/www.sv-bad-bevensen.de\/?page_id=19466\" class=\"more-link\"><span class=\"screen-reader-text\">Vereinsmeisterschaft 2024<\/span> weiterlesen<\/a><\/p>\n","protected":false},"author":26,"featured_media":0,"parent":19464,"menu_order":0,"comment_status":"closed","ping_status":"closed","template":"","meta":{"ngg_post_thumbnail":0,"footnotes":""},"class_list":["post-19466","page","type-page","status-publish","hentry"],"_links":{"self":[{"href":"https:\/\/www.sv-bad-bevensen.de\/index.php?rest_route=\/wp\/v2\/pages\/19466","targetHints":{"allow":["GET"]}}],"collection":[{"href":"https:\/\/www.sv-bad-bevensen.de\/index.php?rest_route=\/wp\/v2\/pages"}],"about":[{"href":"https:\/\/www.sv-bad-bevensen.de\/index.php?rest_route=\/wp\/v2\/types\/page"}],"author":[{"embeddable":true,"href":"https:\/\/www.sv-bad-bevensen.de\/index.php?rest_route=\/wp\/v2\/users\/26"}],"replies":[{"embeddable":true,"href":"https:\/\/www.sv-bad-bevensen.de\/index.php?rest_route=%2Fwp%2Fv2%2Fcomments&post=19466"}],"version-history":[{"count":0,"href":"https:\/\/www.sv-bad-bevensen.de\/index.php?rest_route=\/wp\/v2\/pages\/19466\/revisions"}],"up":[{"embeddable":true,"href":"https:\/\/www.sv-bad-bevensen.de\/index.php?rest_route=\/wp\/v2\/pages\/19464"}],"wp:attachment":[{"href":"https:\/\/www.sv-bad-bevensen.de\/index.php?rest_route=%2Fwp%2Fv2%2Fmedia&parent=19466"}],"curies":[{"name":"wp","href":"https:\/\/api.w.org\/{rel}","templated":true}]}}