{"id":16054,"date":"2020-07-29T15:55:45","date_gmt":"2020-07-29T14:55:45","guid":{"rendered":"https:\/\/www.sv-bad-bevensen.de\/?page_id=16054"},"modified":"2020-07-29T15:56:49","modified_gmt":"2020-07-29T14:56:49","slug":"vereinsmeistersschaft-2020","status":"publish","type":"page","link":"https:\/\/www.sv-bad-bevensen.de\/?page_id=16054","title":{"rendered":"Vereinsmeistersschaft 2020"},"content":{"rendered":"<p><strong>Ausschreibung<\/strong><\/p>\n<p>&#8211; 7 Runden nach Schweizer System<br \/>\n&#8211; 90 Minuten Bedenkzeit pro Spieler und Partie zzgl. 30 Sekunden pro Zug<br \/>\n&#8211; Notationspflicht bis zum Ende der Partie<br \/>\n&#8211; DWZ-Auswertung<br \/>\n&#8211; maximal 3 Wochen Zeit pro Runde<br \/>\n&#8211; Anmeldeschluss: 24.07.2020<br \/>\n&#8211; Je Runde gibt es einen Haupttermin (Achtung!!! &#8211; \u00c4nderungen im Spielplan sind jederzeit m\u00f6glich. Liegen z.B. alle Ergebnisse einer Runde fr\u00fchzeitig vor, so kann die Vorverlegung der n\u00e4chsten Runden bekannt gegeben werden.):<br \/>\n1. Runde: 31.07.2020<br \/>\n2. Runde: 21.08.2020<br \/>\n3. Runde: 11.09.2020<br \/>\n4. Runde: 02.10.2020<br \/>\n5. Runde: 23.10.2020<br \/>\n6. Runde: 13.11.2020<br \/>\n7. Runde: 04.12.2020<br \/>\nEnde der VMS sp\u00e4testens am 18.12.2020<br \/>\n&#8211; Spielbeginn i.d.R. zwischen 18.30 Uhr und 19:00 Uhr<br \/>\n&#8211; Nach M\u00f6glichkeit soll am Hauptspieltag gespielt werden.<br \/>\n&#8211; Das Turnier ist offen f\u00fcr alle Mitglieder des SV Bad Bevensen.<br \/>\n&#8211; Die Teilnehmer verpflichten sich mit ihrer Turnieranmeldung, direkt nach jeder Rundenauslosung den jeweiligen Spielpartner zu kontaktieren und mit ihm einen Termin zu vereinbaren.<br \/>\n&#8211; Mit der Anmeldung zur VMS bekundet jeder Teilnehmer seinen Willen, alle Partien stattfinden zu lassen. Damit kommt u.U. jeder Wochentag als Spieltermin infrage. Kampflose Paarungen sollen nach Kr\u00e4ften vermieden werden!<br \/>\n&#8211; Bis sp\u00e4testens 5 Tage vor Ansetzung der n\u00e4chsten Runde muss die Partie gespielt und das Ergebnis gemeldet sein. Dementsprechend ist die Auslosung einer Runde auch rechtzeitig bekannt. Alle Partieverlegungen sind dem Turnierleiter per E-Mail mitzuteilen.<br \/>\n&#8211; Beide Spieler melden dem Turnierleiter das Ergebnis innerhalb von 24 Stunden nach Ende der Partie.<br \/>\n&#8211; Es wird nach den FIDE-Schachregeln gespielt (Ausnahme Mobiltelefone: Regelung siehe <a href=\"http:\/\/www.schachbezirk4.de\/satzung\/BTO.pdf\" target=\"_blank\" rel=\"noopener noreferrer\">Bezirksturnierordnung<\/a> 9.8).<br \/>\n&#8211; Turnierleitung: Friedjof Harms<br \/>\nAllgemeine Hinweise:<br \/>\n&#8211; Zur Terminabsprache bekommt jeder Teilnehmer eine Telefonliste.<br \/>\n&#8211; Zwischenst\u00e4nde, Auslosungen etc. sind regelm\u00e4\u00dfig auf der Vereins-Homepage www.sv-bad-bevensen.de einzusehen.<br \/>\n&#8211; VMS-Partien finden im hinteren Teil des Clubraumes statt, wo man mehr Ruhe findet als im vorderen Teil.<br \/>\n&#8211; F\u00fcr den Lerneffekt empfiehlt sich eine gemeinsame Analyse im Anschluss der Partie. Am heimischen PC analysierte Partien d\u00fcrfen gerne auch dem Spielpartner zur Verf\u00fcgung gestellt werden.<br \/>\n&#8211; Das Anbieten fr\u00fchzeitiger Remis soll vermieden werden. Die VMS dient v.a. der Spielpraxis und der Spielst\u00e4rkesteigerung eines jeden Vereinsmitglieds. Ein Remis l\u00e4sst meist offene Fragen auf dem Brett zur\u00fcck&#8230; was w\u00e4re wenn&#8230; Werden Partien bis zum Schluss ausgespielt, dann er\u00fcbrigt sich die Frage.<\/p>\n<p><a href=\"https:\/\/www.sv-bad-bevensen.de\/wp-content\/uploads\/2020\/07\/Ausschreibung.pdf\">Ausschreibung im PDF-Format<\/a><\/p>\n","protected":false},"excerpt":{"rendered":"<p>Ausschreibung &#8211; 7 Runden nach Schweizer System &#8211; 90 Minuten Bedenkzeit pro Spieler und Partie zzgl. 30 Sekunden pro Zug &#8211; Notationspflicht bis zum Ende der Partie &#8211; DWZ-Auswertung &#8211; maximal 3 Wochen Zeit pro Runde &#8211; Anmeldeschluss: 24.07.2020 &#8211; Je Runde gibt es einen Haupttermin (Achtung!!! &#8211; \u00c4nderungen im Spielplan sind jederzeit m\u00f6glich. Liegen &hellip; <a href=\"https:\/\/www.sv-bad-bevensen.de\/?page_id=16054\" class=\"more-link\"><span class=\"screen-reader-text\">Vereinsmeistersschaft 2020<\/span> weiterlesen<\/a><\/p>\n","protected":false},"author":26,"featured_media":0,"parent":16051,"menu_order":1,"comment_status":"closed","ping_status":"closed","template":"","meta":{"ngg_post_thumbnail":0,"footnotes":""},"class_list":["post-16054","page","type-page","status-publish","hentry"],"_links":{"self":[{"href":"https:\/\/www.sv-bad-bevensen.de\/index.php?rest_route=\/wp\/v2\/pages\/16054","targetHints":{"allow":["GET"]}}],"collection":[{"href":"https:\/\/www.sv-bad-bevensen.de\/index.php?rest_route=\/wp\/v2\/pages"}],"about":[{"href":"https:\/\/www.sv-bad-bevensen.de\/index.php?rest_route=\/wp\/v2\/types\/page"}],"author":[{"embeddable":true,"href":"https:\/\/www.sv-bad-bevensen.de\/index.php?rest_route=\/wp\/v2\/users\/26"}],"replies":[{"embeddable":true,"href":"https:\/\/www.sv-bad-bevensen.de\/index.php?rest_route=%2Fwp%2Fv2%2Fcomments&post=16054"}],"version-history":[{"count":0,"href":"https:\/\/www.sv-bad-bevensen.de\/index.php?rest_route=\/wp\/v2\/pages\/16054\/revisions"}],"up":[{"embeddable":true,"href":"https:\/\/www.sv-bad-bevensen.de\/index.php?rest_route=\/wp\/v2\/pages\/16051"}],"wp:attachment":[{"href":"https:\/\/www.sv-bad-bevensen.de\/index.php?rest_route=%2Fwp%2Fv2%2Fmedia&parent=16054"}],"curies":[{"name":"wp","href":"https:\/\/api.w.org\/{rel}","templated":true}]}}