{"id":14558,"date":"2019-03-30T17:59:45","date_gmt":"2019-03-30T16:59:45","guid":{"rendered":"https:\/\/www.sv-bad-bevensen.de\/?page_id=14558"},"modified":"2019-05-01T08:29:36","modified_gmt":"2019-05-01T07:29:36","slug":"vereinsmeisterschaft-2019-2","status":"publish","type":"page","link":"https:\/\/www.sv-bad-bevensen.de\/?page_id=14558","title":{"rendered":"Vereinsmeisterschaft 2019"},"content":{"rendered":"\n<div class=\"entry-content\">\n<p>Ausschreibung<\/p>\n<ul>\n<li>9 Runden nach Schweizer System<\/li>\n<li>90 Minuten Bedenkzeit pro Spieler und Partie zzgl. 30 Sekunden pro Zug<\/li>\n<li>DWZ-Auswertung<\/li>\n<li>Notationspflicht bis zum Ende der Partie<\/li>\n<li>maximal 3 Wochen Zeit pro Runde<\/li>\n<li><strong>Anmeldeschluss: 28.04.2019<\/strong><\/li>\n<li>Je Runde gibt es einen Haupttermin (Achtung!!! \u2013 \u00c4nderungen im Spielplan sind jederzeit m\u00f6glich. Liegen z.B. alle Ergebnisse einer Runde fr\u00fchzeitig vor, so kann die Vorverlegung der n\u00e4chsten Runden bekannt gegeben werden.):<\/li>\n<\/ul>\n<p>1. Runde: 03.05.2019<br>2. Runde: 31.05.2019<br>3. Runde: 21.06.2019<br>4. Runde: 12.07.2019<br>5. Runde: 02.08.2019<br>6. Runde: 23.08.2019<br>7. Runde: 13.09.2019<br>8. Runde: 01.10.2019<br>9. Runde: 25.10.2019<\/p>\n<p>Ende der VMS sp\u00e4testens am 08.11.2019<\/p>\n<ul>\n<li>Spielbeginn i.d.R. zwischen 18.30 Uhr und 19.00 Uhr<\/li>\n<li>Nach M\u00f6glichkeit soll am Hauptspieltag gespielt werden.<\/li>\n<li>Das Turnier ist offen f\u00fcr alle Mitglieder des SV Bad Bevensen.<\/li>\n<li><strong>Die Teilnehmer verpflichten sich mit ihrer Turnieranmeldung, direkt nach jeder Rundenauslosung den jeweiligen Spielpartner zu kontaktieren und mit ihm<\/strong> <strong>einen Termin zu vereinbaren.<\/strong><\/li>\n<li><strong>Mit der Anmeldung zur VMS bekundet jeder Teilnehmer seinen Willen, alle <\/strong><strong>Partien stattfinden zu lassen. Damit kommt u.U. jeder Wochentag als Spieltermin<\/strong> <strong>infrage. Kampflose Paarungen sollen nach Kr\u00e4ften vermieden werden!<\/strong><\/li>\n<li>Bis sp\u00e4testens 5 Tage vor Ansetzung der n\u00e4chsten Runde muss die Partie gespielt und das Ergebnis gemeldet sein. Dementsprechend ist die Auslosung einer Runde auch rechtzeitig bekannt. Alle Partieverlegungen sind dem Turnierleiter per E-Mail mitzuteilen!<\/li>\n<li>Beide Spieler melden dem Turnierleiter das Ergebnis innerhalb von 24 Stunden nach Ende der Partie.<\/li>\n<li>Es wird nach den FIDE-Schachregeln gespielt (Ausnahme Mobiltelefone: Regelung siehe <a href=\"http:\/\/www.schachbezirk4.de\/satzung\/BTO.pdf\" target=\"_blank\" rel=\"noopener noreferrer\">Bezirksturnierordnung<\/a> 9.8).<\/li>\n<li>Turnierleitung: Friedjof Harms<\/li>\n<\/ul>\n<p><strong>Allgemeine Hinweise<\/strong><\/p>\n<ul>\n<li>Zur Terminabsprache bekommt jeder Teilnehmer eine Telefonliste.<\/li>\n<li>Zwischenst\u00e4nde, Auslosungen etc. sind regelm\u00e4\u00dfig auf der Vereins-Homepage<a href=\"http:\/\/www.sv-bad-bevensen.de\"> www.sv-bad-bevensen.de<\/a> einzusehen.<\/li>\n<li>VMS-Partien finden im hinteren Teil des Clubraumes statt, wo man mehr Ruhe findet als im vorderen Teil.<\/li>\n<li>F\u00fcr den Lerneffekt empfiehlt sich eine gemeinsame Analyse im Anschluss der Partie. Am heimischen PC analysierte Partien d\u00fcrfen gerne auch dem Spielpartner zur Verf\u00fcgung gestellt werden.<\/li>\n<li>Das Anbieten fr\u00fchzeitiger Remis soll vermieden werden. Die VMS dient v.a. der Spielpraxis und der Spielst\u00e4rkesteigerung eines jeden Vereinsmitglieds. Ein Remis l\u00e4sst meist offene Fragen auf dem Brett zur\u00fcck\u2026 was w\u00e4re wenn\u2026 Werden Partien bis zum Schluss ausgespielt, dann er\u00fcbrigt sich die Frage.<\/li>\n<\/ul>\n<p><a href=\"https:\/\/www.sv-bad-bevensen.de\/wp-content\/uploads\/2019\/05\/Ausschreibung.pdf\">Ausschreibung im PDF-Format<\/a><\/p>\n<\/div>\n","protected":false},"excerpt":{"rendered":"<p>Ausschreibung 9 Runden nach Schweizer System 90 Minuten Bedenkzeit pro Spieler und Partie zzgl. 30 Sekunden pro Zug DWZ-Auswertung Notationspflicht bis zum Ende der Partie maximal 3 Wochen Zeit pro Runde Anmeldeschluss: 28.04.2019 Je Runde gibt es einen Haupttermin (Achtung!!! \u2013 \u00c4nderungen im Spielplan sind jederzeit m\u00f6glich. Liegen z.B. alle Ergebnisse einer Runde fr\u00fchzeitig vor, &hellip; <a href=\"https:\/\/www.sv-bad-bevensen.de\/?page_id=14558\" class=\"more-link\"><span class=\"screen-reader-text\">Vereinsmeisterschaft 2019<\/span> weiterlesen<\/a><\/p>\n","protected":false},"author":26,"featured_media":0,"parent":14555,"menu_order":0,"comment_status":"closed","ping_status":"closed","template":"","meta":{"ngg_post_thumbnail":0,"footnotes":""},"class_list":["post-14558","page","type-page","status-publish","hentry"],"_links":{"self":[{"href":"https:\/\/www.sv-bad-bevensen.de\/index.php?rest_route=\/wp\/v2\/pages\/14558","targetHints":{"allow":["GET"]}}],"collection":[{"href":"https:\/\/www.sv-bad-bevensen.de\/index.php?rest_route=\/wp\/v2\/pages"}],"about":[{"href":"https:\/\/www.sv-bad-bevensen.de\/index.php?rest_route=\/wp\/v2\/types\/page"}],"author":[{"embeddable":true,"href":"https:\/\/www.sv-bad-bevensen.de\/index.php?rest_route=\/wp\/v2\/users\/26"}],"replies":[{"embeddable":true,"href":"https:\/\/www.sv-bad-bevensen.de\/index.php?rest_route=%2Fwp%2Fv2%2Fcomments&post=14558"}],"version-history":[{"count":0,"href":"https:\/\/www.sv-bad-bevensen.de\/index.php?rest_route=\/wp\/v2\/pages\/14558\/revisions"}],"up":[{"embeddable":true,"href":"https:\/\/www.sv-bad-bevensen.de\/index.php?rest_route=\/wp\/v2\/pages\/14555"}],"wp:attachment":[{"href":"https:\/\/www.sv-bad-bevensen.de\/index.php?rest_route=%2Fwp%2Fv2%2Fmedia&parent=14558"}],"curies":[{"name":"wp","href":"https:\/\/api.w.org\/{rel}","templated":true}]}}