{"id":11951,"date":"2017-05-09T15:34:00","date_gmt":"2017-05-09T14:34:00","guid":{"rendered":"http:\/\/www.sv-bad-bevensen.de\/?page_id=11951"},"modified":"2017-12-12T20:13:11","modified_gmt":"2017-12-12T19:13:11","slug":"vereinsmeisterschaft-2017-4","status":"publish","type":"page","link":"https:\/\/www.sv-bad-bevensen.de\/?page_id=11951","title":{"rendered":"Vereinsmeisterschaft 2017"},"content":{"rendered":"<p><strong>Rangliste: Endstand nach der 9. Runde<\/strong><\/p>\n<table class=\"tournament\">\n<tbody>\n<tr bgcolor=\"#C0C0C0\">\n<th style=\"text-align: left;\">Rang<\/th>\n<th style=\"text-align: left;\">Teilnehmer<\/th>\n<th style=\"text-align: center;\">DWZ<\/th>\n<th style=\"text-align: center;\">Att<\/th>\n<th style=\"text-align: center;\">S<\/th>\n<th style=\"text-align: center;\">R<\/th>\n<th style=\"text-align: center;\">V<\/th>\n<th style=\"text-align: center;\">Punkte<\/th>\n<th style=\"text-align: center;\">Buchh<\/th>\n<th style=\"text-align: center;\">SoBerg<\/th>\n<\/tr>\n<tr bgcolor=\"#FFFFFF\">\n<td style=\"text-align: right;\">1.<\/td>\n<td>Harms,Friedjof<\/td>\n<td style=\"text-align: right;\">1850<\/td>\n<td style=\"text-align: center;\">&nbsp;<\/td>\n<td style=\"text-align: center;\">8<\/td>\n<td style=\"text-align: center;\">1<\/td>\n<td style=\"text-align: center;\">0<\/td>\n<td style=\"text-align: center;\">8.5<\/td>\n<td style=\"text-align: right;\">45.0<\/td>\n<td style=\"text-align: right;\">43.00<\/td>\n<\/tr>\n<tr bgcolor=\"#FFFFFF\">\n<td style=\"text-align: right;\">2.<\/td>\n<td>M\u00fcnster,Henning<\/td>\n<td style=\"text-align: right;\">1772<\/td>\n<td style=\"text-align: center;\">&nbsp;<\/td>\n<td style=\"text-align: center;\">6<\/td>\n<td style=\"text-align: center;\">2<\/td>\n<td style=\"text-align: center;\">1<\/td>\n<td style=\"text-align: center;\">7.0<\/td>\n<td style=\"text-align: right;\">47.0<\/td>\n<td style=\"text-align: right;\">36.75<\/td>\n<\/tr>\n<tr bgcolor=\"#FFFFFF\">\n<td style=\"text-align: right;\">3.<\/td>\n<td>B\u00f6rner,Heinrich<\/td>\n<td style=\"text-align: right;\">1458<\/td>\n<td style=\"text-align: center;\">&nbsp;<\/td>\n<td style=\"text-align: center;\">6<\/td>\n<td style=\"text-align: center;\">0<\/td>\n<td style=\"text-align: center;\">3<\/td>\n<td style=\"text-align: center;\">6.0<\/td>\n<td style=\"text-align: right;\">42.5<\/td>\n<td style=\"text-align: right;\">24.50<\/td>\n<\/tr>\n<tr bgcolor=\"#FFFFFF\">\n<td style=\"text-align: right;\">4.<\/td>\n<td>B\u00f6rner,Joachim<\/td>\n<td style=\"text-align: right;\">1679<\/td>\n<td style=\"text-align: center;\">&nbsp;<\/td>\n<td style=\"text-align: center;\">5<\/td>\n<td style=\"text-align: center;\">1<\/td>\n<td style=\"text-align: center;\">2<\/td>\n<td style=\"text-align: center;\">5.5<\/td>\n<td style=\"text-align: right;\">47.5<\/td>\n<td style=\"text-align: right;\">27.00<\/td>\n<\/tr>\n<tr bgcolor=\"#FFFFFF\">\n<td style=\"text-align: right;\">5.<\/td>\n<td>Weichsel,Philip<\/td>\n<td style=\"text-align: right;\">1605<\/td>\n<td style=\"text-align: center;\">&nbsp;<\/td>\n<td style=\"text-align: center;\">5<\/td>\n<td style=\"text-align: center;\">1<\/td>\n<td style=\"text-align: center;\">3<\/td>\n<td style=\"text-align: center;\">5.5<\/td>\n<td style=\"text-align: right;\">45.0<\/td>\n<td style=\"text-align: right;\">25.25<\/td>\n<\/tr>\n<tr bgcolor=\"#FFFFFF\">\n<td style=\"text-align: right;\">6.<\/td>\n<td>Warns,Harald<\/td>\n<td style=\"text-align: right;\">1662<\/td>\n<td style=\"text-align: center;\">&nbsp;<\/td>\n<td style=\"text-align: center;\">4<\/td>\n<td style=\"text-align: center;\">3<\/td>\n<td style=\"text-align: center;\">2<\/td>\n<td style=\"text-align: center;\">5.5<\/td>\n<td style=\"text-align: right;\">44.5<\/td>\n<td style=\"text-align: right;\">27.75<\/td>\n<\/tr>\n<tr bgcolor=\"#FFFFFF\">\n<td style=\"text-align: right;\">7.<\/td>\n<td>Lange,Detlef<\/td>\n<td style=\"text-align: right;\">1624<\/td>\n<td style=\"text-align: center;\">&nbsp;<\/td>\n<td style=\"text-align: center;\">3<\/td>\n<td style=\"text-align: center;\">4<\/td>\n<td style=\"text-align: center;\">2<\/td>\n<td style=\"text-align: center;\">5.0<\/td>\n<td style=\"text-align: right;\">47.0<\/td>\n<td style=\"text-align: right;\">25.25<\/td>\n<\/tr>\n<tr bgcolor=\"#FFFFFF\">\n<td style=\"text-align: right;\">8.<\/td>\n<td>Baldauf,Karsten<\/td>\n<td style=\"text-align: right;\">1574<\/td>\n<td style=\"text-align: center;\">&nbsp;<\/td>\n<td style=\"text-align: center;\">3<\/td>\n<td style=\"text-align: center;\">4<\/td>\n<td style=\"text-align: center;\">1<\/td>\n<td style=\"text-align: center;\">5.0<\/td>\n<td style=\"text-align: right;\">43.5<\/td>\n<td style=\"text-align: right;\">23.75<\/td>\n<\/tr>\n<tr bgcolor=\"#FFFFFF\">\n<td style=\"text-align: right;\">9.<\/td>\n<td>Bauer,Leonhard<\/td>\n<td style=\"text-align: right;\">1334<\/td>\n<td style=\"text-align: center;\">J<\/td>\n<td style=\"text-align: center;\">5<\/td>\n<td style=\"text-align: center;\">0<\/td>\n<td style=\"text-align: center;\">4<\/td>\n<td style=\"text-align: center;\">5.0<\/td>\n<td style=\"text-align: right;\">37.0<\/td>\n<td style=\"text-align: right;\">16.50<\/td>\n<\/tr>\n<tr bgcolor=\"#FFFFFF\">\n<td style=\"text-align: right;\">10.<\/td>\n<td>Loelf,Heinrich<\/td>\n<td style=\"text-align: right;\">1388<\/td>\n<td style=\"text-align: center;\">&nbsp;<\/td>\n<td style=\"text-align: center;\">5<\/td>\n<td style=\"text-align: center;\">0<\/td>\n<td style=\"text-align: center;\">4<\/td>\n<td style=\"text-align: center;\">5.0<\/td>\n<td style=\"text-align: right;\">36.5<\/td>\n<td style=\"text-align: right;\">17.50<\/td>\n<\/tr>\n<tr bgcolor=\"#FFFFFF\">\n<td style=\"text-align: right;\">11.<\/td>\n<td>Herbst,Georg<\/td>\n<td style=\"text-align: right;\">1115<\/td>\n<td style=\"text-align: center;\">&nbsp;<\/td>\n<td style=\"text-align: center;\">5<\/td>\n<td style=\"text-align: center;\">0<\/td>\n<td style=\"text-align: center;\">4<\/td>\n<td style=\"text-align: center;\">5.0<\/td>\n<td style=\"text-align: right;\">34.5<\/td>\n<td style=\"text-align: right;\">15.50<\/td>\n<\/tr>\n<tr bgcolor=\"#FFFFFF\">\n<td style=\"text-align: right;\">12.<\/td>\n<td>Hallensleben,Gerhard<\/td>\n<td style=\"text-align: right;\">1559<\/td>\n<td style=\"text-align: center;\">&nbsp;<\/td>\n<td style=\"text-align: center;\">4<\/td>\n<td style=\"text-align: center;\">1<\/td>\n<td style=\"text-align: center;\">4<\/td>\n<td style=\"text-align: center;\">4.5<\/td>\n<td style=\"text-align: right;\">45.0<\/td>\n<td style=\"text-align: right;\">20.25<\/td>\n<\/tr>\n<tr bgcolor=\"#FFFFFF\">\n<td style=\"text-align: right;\">13.<\/td>\n<td>Witzel,Markus<\/td>\n<td style=\"text-align: right;\">1543<\/td>\n<td style=\"text-align: center;\">&nbsp;<\/td>\n<td style=\"text-align: center;\">4<\/td>\n<td style=\"text-align: center;\">1<\/td>\n<td style=\"text-align: center;\">4<\/td>\n<td style=\"text-align: center;\">4.5<\/td>\n<td style=\"text-align: right;\">39.0<\/td>\n<td style=\"text-align: right;\">18.75<\/td>\n<\/tr>\n<tr bgcolor=\"#FFFFFF\">\n<td style=\"text-align: right;\">14.<\/td>\n<td>Kleinert,Christoph<\/td>\n<td style=\"text-align: right;\">1274<\/td>\n<td style=\"text-align: center;\">&nbsp;<\/td>\n<td style=\"text-align: center;\">4<\/td>\n<td style=\"text-align: center;\">1<\/td>\n<td style=\"text-align: center;\">4<\/td>\n<td style=\"text-align: center;\">4.5<\/td>\n<td style=\"text-align: right;\">39.0<\/td>\n<td style=\"text-align: right;\">16.25<\/td>\n<\/tr>\n<tr bgcolor=\"#FFFFFF\">\n<td style=\"text-align: right;\">15.<\/td>\n<td>Baum,Luis<\/td>\n<td style=\"text-align: right;\">1243<\/td>\n<td style=\"text-align: center;\">J<\/td>\n<td style=\"text-align: center;\">4<\/td>\n<td style=\"text-align: center;\">1<\/td>\n<td style=\"text-align: center;\">4<\/td>\n<td style=\"text-align: center;\">4.5<\/td>\n<td style=\"text-align: right;\">36.5<\/td>\n<td style=\"text-align: right;\">14.25<\/td>\n<\/tr>\n<tr bgcolor=\"#FFFFFF\">\n<td style=\"text-align: right;\">16.<\/td>\n<td>Hayessen,Hinrich<\/td>\n<td style=\"text-align: right;\">1358<\/td>\n<td style=\"text-align: center;\">&nbsp;<\/td>\n<td style=\"text-align: center;\">4<\/td>\n<td style=\"text-align: center;\">0<\/td>\n<td style=\"text-align: center;\">5<\/td>\n<td style=\"text-align: center;\">4.0<\/td>\n<td style=\"text-align: right;\">42.0<\/td>\n<td style=\"text-align: right;\">14.50<\/td>\n<\/tr>\n<tr bgcolor=\"#FFFFFF\">\n<td style=\"text-align: right;\">17.<\/td>\n<td>Richert,Joachim<\/td>\n<td style=\"text-align: right;\">1371<\/td>\n<td style=\"text-align: center;\">&nbsp;<\/td>\n<td style=\"text-align: center;\">3<\/td>\n<td style=\"text-align: center;\">2<\/td>\n<td style=\"text-align: center;\">4<\/td>\n<td style=\"text-align: center;\">4.0<\/td>\n<td style=\"text-align: right;\">38.0<\/td>\n<td style=\"text-align: right;\">11.75<\/td>\n<\/tr>\n<tr bgcolor=\"#FFFFFF\">\n<td style=\"text-align: right;\">18.<\/td>\n<td>Baum,Ferdinand<\/td>\n<td style=\"text-align: right;\">1000<\/td>\n<td style=\"text-align: center;\">J<\/td>\n<td style=\"text-align: center;\">4<\/td>\n<td style=\"text-align: center;\">0<\/td>\n<td style=\"text-align: center;\">5<\/td>\n<td style=\"text-align: center;\">4.0<\/td>\n<td style=\"text-align: right;\">32.0<\/td>\n<td style=\"text-align: right;\">7.00<\/td>\n<\/tr>\n<tr bgcolor=\"#FFFFFF\">\n<td style=\"text-align: right;\">19.<\/td>\n<td>Kozik,Klaus<\/td>\n<td style=\"text-align: right;\">991<\/td>\n<td style=\"text-align: center;\">&nbsp;<\/td>\n<td style=\"text-align: center;\">4<\/td>\n<td style=\"text-align: center;\">0<\/td>\n<td style=\"text-align: center;\">5<\/td>\n<td style=\"text-align: center;\">4.0<\/td>\n<td style=\"text-align: right;\">29.5<\/td>\n<td style=\"text-align: right;\">7.00<\/td>\n<\/tr>\n<tr bgcolor=\"#FFFFFF\">\n<td style=\"text-align: right;\">20.<\/td>\n<td>Schnatzer,Henrik<\/td>\n<td style=\"text-align: right;\">&nbsp;<\/td>\n<td style=\"text-align: center;\">J<\/td>\n<td style=\"text-align: center;\">3<\/td>\n<td style=\"text-align: center;\">0<\/td>\n<td style=\"text-align: center;\">6<\/td>\n<td style=\"text-align: center;\">3.0<\/td>\n<td style=\"text-align: right;\">30.5<\/td>\n<td style=\"text-align: right;\">6.00<\/td>\n<\/tr>\n<tr bgcolor=\"#FFFFFF\">\n<td style=\"text-align: right;\">21.<\/td>\n<td>K\u00e4selow,Herbert<\/td>\n<td style=\"text-align: right;\">849<\/td>\n<td style=\"text-align: center;\">&nbsp;<\/td>\n<td style=\"text-align: center;\">3<\/td>\n<td style=\"text-align: center;\">0<\/td>\n<td style=\"text-align: center;\">6<\/td>\n<td style=\"text-align: center;\">3.0<\/td>\n<td style=\"text-align: right;\">30.5<\/td>\n<td style=\"text-align: right;\">5.50<\/td>\n<\/tr>\n<tr bgcolor=\"#FFFFFF\">\n<td style=\"text-align: right;\">22.<\/td>\n<td>Freist,Daniel<\/td>\n<td style=\"text-align: right;\">759<\/td>\n<td style=\"text-align: center;\">&nbsp;<\/td>\n<td style=\"text-align: center;\">2<\/td>\n<td style=\"text-align: center;\">0<\/td>\n<td style=\"text-align: center;\">7<\/td>\n<td style=\"text-align: center;\">2.0<\/td>\n<td style=\"text-align: right;\">30.0<\/td>\n<td style=\"text-align: right;\">2.00<\/td>\n<\/tr>\n<tr bgcolor=\"#FFFFFF\">\n<td style=\"text-align: right;\">23.<\/td>\n<td>Linde,Alfred<\/td>\n<td style=\"text-align: right;\">&nbsp;<\/td>\n<td style=\"text-align: center;\">&nbsp;<\/td>\n<td style=\"text-align: center;\">1<\/td>\n<td style=\"text-align: center;\">0<\/td>\n<td style=\"text-align: center;\">8<\/td>\n<td style=\"text-align: center;\">1.0<\/td>\n<td style=\"text-align: right;\">30.0<\/td>\n<td style=\"text-align: right;\">3.50<\/td>\n<\/tr>\n<tr bgcolor=\"#FFFFFF\">\n<td style=\"text-align: right;\">24.<\/td>\n<td>R\u00f6ber,Hans&nbsp;Dietrich<\/td>\n<td style=\"text-align: right;\">&nbsp;<\/td>\n<td style=\"text-align: center;\">&nbsp;<\/td>\n<td style=\"text-align: center;\">1<\/td>\n<td style=\"text-align: center;\">0<\/td>\n<td style=\"text-align: center;\">8<\/td>\n<td style=\"text-align: center;\">1.0<\/td>\n<td style=\"text-align: right;\">30.0<\/td>\n<td style=\"text-align: right;\">1.00<\/td>\n<\/tr>\n<\/tbody>\n<\/table>\n<p><a href=\"https:\/\/www.sv-bad-bevensen.de\/wp-content\/uploads\/2017\/12\/Endstand.pdf\" target=\"_blank\" rel=\"noopener\">Rangliste im PDF Format<\/a>, <a href=\"https:\/\/www.sv-bad-bevensen.de\/wp-content\/uploads\/2017\/12\/Fortschrittstabelle-VMS-2017.html.pdf\" target=\"_blank\" rel=\"noopener\">Fortschrittstabelle<\/a><\/p>\n<p>&nbsp;<\/p>\n","protected":false},"excerpt":{"rendered":"<p>Rangliste: Endstand nach der 9. Runde Rang Teilnehmer DWZ Att S R V Punkte Buchh SoBerg 1. Harms,Friedjof 1850 &nbsp; 8 1 0 8.5 45.0 43.00 2. M\u00fcnster,Henning 1772 &nbsp; 6 2 1 7.0 47.0 36.75 3. B\u00f6rner,Heinrich 1458 &nbsp; 6 0 3 6.0 42.5 24.50 4. B\u00f6rner,Joachim 1679 &nbsp; 5 1 2 5.5 47.5 &hellip; <a href=\"https:\/\/www.sv-bad-bevensen.de\/?page_id=11951\" class=\"more-link\"><span class=\"screen-reader-text\">Vereinsmeisterschaft 2017<\/span> weiterlesen<\/a><\/p>\n","protected":false},"author":26,"featured_media":0,"parent":11928,"menu_order":3,"comment_status":"closed","ping_status":"closed","template":"","meta":{"ngg_post_thumbnail":0,"footnotes":""},"class_list":["post-11951","page","type-page","status-publish","hentry"],"_links":{"self":[{"href":"https:\/\/www.sv-bad-bevensen.de\/index.php?rest_route=\/wp\/v2\/pages\/11951","targetHints":{"allow":["GET"]}}],"collection":[{"href":"https:\/\/www.sv-bad-bevensen.de\/index.php?rest_route=\/wp\/v2\/pages"}],"about":[{"href":"https:\/\/www.sv-bad-bevensen.de\/index.php?rest_route=\/wp\/v2\/types\/page"}],"author":[{"embeddable":true,"href":"https:\/\/www.sv-bad-bevensen.de\/index.php?rest_route=\/wp\/v2\/users\/26"}],"replies":[{"embeddable":true,"href":"https:\/\/www.sv-bad-bevensen.de\/index.php?rest_route=%2Fwp%2Fv2%2Fcomments&post=11951"}],"version-history":[{"count":0,"href":"https:\/\/www.sv-bad-bevensen.de\/index.php?rest_route=\/wp\/v2\/pages\/11951\/revisions"}],"up":[{"embeddable":true,"href":"https:\/\/www.sv-bad-bevensen.de\/index.php?rest_route=\/wp\/v2\/pages\/11928"}],"wp:attachment":[{"href":"https:\/\/www.sv-bad-bevensen.de\/index.php?rest_route=%2Fwp%2Fv2%2Fmedia&parent=11951"}],"curies":[{"name":"wp","href":"https:\/\/api.w.org\/{rel}","templated":true}]}}